{"id":188,"date":"2019-06-10T05:10:15","date_gmt":"2019-06-10T05:10:15","guid":{"rendered":"http:\/\/siretromania.ro\/web\/?page_id=188"},"modified":"2026-01-13T11:55:37","modified_gmt":"2026-01-13T09:55:37","slug":"evidenta-populatiei","status":"publish","type":"page","link":"https:\/\/siretromania.ro\/web\/evidenta-populatiei\/","title":{"rendered":"EVIDENTA POPULATIEI"},"content":{"rendered":"\t\t<div data-elementor-type=\"wp-post\" data-elementor-id=\"188\" class=\"elementor elementor-188\" data-elementor-post-type=\"page\">\n\t\t\t\t\t\t<section class=\"elementor-section elementor-top-section elementor-element elementor-element-b68a325 elementor-section-boxed elementor-section-height-default elementor-section-height-default\" data-id=\"b68a325\" data-element_type=\"section\">\n\t\t\t\t\t\t<div class=\"elementor-container elementor-column-gap-default\">\n\t\t\t\t\t<div class=\"elementor-column elementor-col-50 elementor-top-column elementor-element elementor-element-2004ae7\" data-id=\"2004ae7\" data-element_type=\"column\">\n\t\t\t<div class=\"elementor-widget-wrap elementor-element-populated\">\n\t\t\t\t\t\t<div class=\"elementor-element elementor-element-4d889f7 elementor-widget elementor-widget-heading\" data-id=\"4d889f7\" data-element_type=\"widget\" data-widget_type=\"heading.default\">\n\t\t\t\t<div class=\"elementor-widget-container\">\n\t\t\t\t\t<h5 class=\"elementor-heading-title elementor-size-default\">Serviciul de eviden\u021b\u0103 a persoanelor<\/h5>\t\t\t\t<\/div>\n\t\t\t\t<\/div>\n\t\t\t\t<div class=\"elementor-element elementor-element-5b3c968 elementor-icon-list--layout-traditional elementor-list-item-link-full_width elementor-widget elementor-widget-icon-list\" data-id=\"5b3c968\" data-element_type=\"widget\" data-widget_type=\"icon-list.default\">\n\t\t\t\t<div class=\"elementor-widget-container\">\n\t\t\t\t\t\t\t<ul class=\"elementor-icon-list-items\">\n\t\t\t\t\t\t\t<li class=\"elementor-icon-list-item\">\n\t\t\t\t\t\t\t\t\t\t\t<span class=\"elementor-icon-list-icon\">\n\t\t\t\t\t\t\t<i aria-hidden=\"true\" class=\"fas fa-map-marker-alt\"><\/i>\t\t\t\t\t\t<\/span>\n\t\t\t\t\t\t\t\t\t\t<span class=\"elementor-icon-list-text\">Localitatea Siret, str. Castanilor, nr.5, cod po\u0219tal 725500, Jud\u021bul Suceava<\/span>\n\t\t\t\t\t\t\t\t\t<\/li>\n\t\t\t\t\t\t\t\t<li class=\"elementor-icon-list-item\">\n\t\t\t\t\t\t\t\t\t\t\t<span class=\"elementor-icon-list-icon\">\n\t\t\t\t\t\t\t<i aria-hidden=\"true\" class=\"fas fa-phone-alt\"><\/i>\t\t\t\t\t\t<\/span>\n\t\t\t\t\t\t\t\t\t\t<span class=\"elementor-icon-list-text\">+40 230 280 873<\/span>\n\t\t\t\t\t\t\t\t\t<\/li>\n\t\t\t\t\t\t\t\t<li class=\"elementor-icon-list-item\">\n\t\t\t\t\t\t\t\t\t\t\t<span class=\"elementor-icon-list-icon\">\n\t\t\t\t\t\t\t<i aria-hidden=\"true\" class=\"far fa-folder-open\"><\/i>\t\t\t\t\t\t<\/span>\n\t\t\t\t\t\t\t\t\t\t<span class=\"elementor-icon-list-text\">c\u0103r\u021bi de identitate\/buletine, alte documente<\/span>\n\t\t\t\t\t\t\t\t\t<\/li>\n\t\t\t\t\t\t<\/ul>\n\t\t\t\t\t\t<\/div>\n\t\t\t\t<\/div>\n\t\t\t\t\t<\/div>\n\t\t<\/div>\n\t\t\t\t<div class=\"elementor-column elementor-col-50 elementor-top-column elementor-element elementor-element-906a4e0\" data-id=\"906a4e0\" data-element_type=\"column\">\n\t\t\t<div class=\"elementor-widget-wrap elementor-element-populated\">\n\t\t\t\t\t\t<div class=\"elementor-element elementor-element-25af884 elementor-widget elementor-widget-google_maps\" data-id=\"25af884\" data-element_type=\"widget\" data-widget_type=\"google_maps.default\">\n\t\t\t\t<div class=\"elementor-widget-container\">\n\t\t\t\t\t\t\t<div class=\"elementor-custom-embed\">\n\t\t\t<iframe loading=\"lazy\"\n\t\t\t\t\tsrc=\"https:\/\/maps.google.com\/maps?q=Siret%2C%20strada%20Castanilor%20nr.5&#038;t=m&#038;z=17&#038;output=embed&#038;iwloc=near\"\n\t\t\t\t\ttitle=\"Siret, strada Castanilor nr.5\"\n\t\t\t\t\taria-label=\"Siret, strada Castanilor nr.5\"\n\t\t\t><\/iframe>\n\t\t<\/div>\n\t\t\t\t\t\t<\/div>\n\t\t\t\t<\/div>\n\t\t\t\t\t<\/div>\n\t\t<\/div>\n\t\t\t\t\t<\/div>\n\t\t<\/section>\n\t\t\t\t<section class=\"elementor-section elementor-top-section elementor-element elementor-element-c32db4c elementor-section-boxed elementor-section-height-default elementor-section-height-default\" data-id=\"c32db4c\" data-element_type=\"section\">\n\t\t\t\t\t\t<div class=\"elementor-container elementor-column-gap-default\">\n\t\t\t\t\t<div class=\"elementor-column elementor-col-100 elementor-top-column elementor-element elementor-element-b1e4ea4\" data-id=\"b1e4ea4\" data-element_type=\"column\">\n\t\t\t<div class=\"elementor-widget-wrap elementor-element-populated\">\n\t\t\t\t\t\t<section class=\"elementor-section elementor-inner-section elementor-element elementor-element-6212597 elementor-section-boxed elementor-section-height-default elementor-section-height-default\" data-id=\"6212597\" data-element_type=\"section\">\n\t\t\t\t\t\t<div class=\"elementor-container elementor-column-gap-default\">\n\t\t\t\t\t<div class=\"elementor-column elementor-col-100 elementor-inner-column elementor-element elementor-element-e79b99c\" data-id=\"e79b99c\" data-element_type=\"column\">\n\t\t\t<div class=\"elementor-widget-wrap elementor-element-populated\">\n\t\t\t\t\t\t<div class=\"elementor-element elementor-element-13e9b7e elementor-widget elementor-widget-text-editor\" data-id=\"13e9b7e\" data-element_type=\"widget\" data-widget_type=\"text-editor.default\">\n\t\t\t\t<div class=\"elementor-widget-container\">\n\t\t\t\t\t\t\t\t\t<p><strong>\u00a0 \u00a0 \u00a0Program de lucru:<\/strong><\/p><table class=\"list-sub-3\"><tbody><tr id=\"row1\"><th height=\"20\">luni \u2013 vineri<\/th><td>08.00 \u2013 16.00<\/td><\/tr><\/tbody><\/table><ul><li style=\"list-style-type: none;\"><ul><li style=\"list-style-type: none;\"><ul><li style=\"list-style-type: none;\"><ul><li style=\"list-style-type: none;\"><ul><li style=\"list-style-type: none;\"><ul><li>Serviciul de eviden\u021b\u0103 a persoanelor<\/li><li>preluare \u015fi eliberare acte<\/li><\/ul><\/li><\/ul><\/li><\/ul><\/li><\/ul><\/li><\/ul><\/li><\/ul><table class=\"list-sub-3\"><tbody><tr id=\"row1\"><th height=\"20\">luni, miercuri, joi \u015fi vineri<\/th><td>08.30 \u2013 14.30<\/td><\/tr><tr id=\"row1\"><th height=\"20\">mar\u0163i<\/th><td>08.30 \u2013 16.30<\/td><\/tr><\/tbody><\/table>\t\t\t\t\t\t\t\t<\/div>\n\t\t\t\t<\/div>\n\t\t\t\t\t<\/div>\n\t\t<\/div>\n\t\t\t\t\t<\/div>\n\t\t<\/section>\n\t\t\t\t\t<\/div>\n\t\t<\/div>\n\t\t\t\t\t<\/div>\n\t\t<\/section>\n\t\t\t\t<section class=\"elementor-section elementor-top-section elementor-element elementor-element-7ca970a elementor-section-boxed elementor-section-height-default elementor-section-height-default\" data-id=\"7ca970a\" data-element_type=\"section\">\n\t\t\t\t\t\t<div class=\"elementor-container elementor-column-gap-default\">\n\t\t\t\t\t<div class=\"elementor-column elementor-col-100 elementor-top-column elementor-element elementor-element-35dab05\" data-id=\"35dab05\" data-element_type=\"column\">\n\t\t\t<div class=\"elementor-widget-wrap elementor-element-populated\">\n\t\t\t\t\t\t<div class=\"elementor-element elementor-element-b659b2a elementor-widget elementor-widget-heading\" data-id=\"b659b2a\" data-element_type=\"widget\" data-widget_type=\"heading.default\">\n\t\t\t\t<div class=\"elementor-widget-container\">\n\t\t\t\t\t<h2 class=\"elementor-heading-title elementor-size-default\">Documente necesare pentru eliberarea actelor de identitate<\/h2>\t\t\t\t<\/div>\n\t\t\t\t<\/div>\n\t\t\t\t<div class=\"elementor-element elementor-element-681aea4 elementor-widget elementor-widget-text-editor\" data-id=\"681aea4\" data-element_type=\"widget\" data-widget_type=\"text-editor.default\">\n\t\t\t\t<div class=\"elementor-widget-container\">\n\t\t\t\t\t\t\t\t\t<p><a href=\"https:\/\/siretromania.ro\/web\/anularea-actului-de-identitate-schimbarea-sexului-sau-a-fizionomiei\/\" rel=\"attachment wp-att-5150\">ANULAREA actului de identitate , schimbarea sexului sau a fizionomiei<\/a> <br \/><a href=\"https:\/\/siretromania.ro\/web\/eliberarea-actului-de-identitate-la-dobandirea-cetateniei-romane\/\" rel=\"attachment wp-att-5151\">ELIBERAREA ACTULUI DE IDENTITATE LA DOB\u00c2NDIREA CET\u0102\u0162ENIEI ROM\u00c2NE<\/a> <br \/><a href=\"https:\/\/siretromania.ro\/web\/eliberarea-actului-de-identitate-la-schimbarea\/\" rel=\"attachment wp-att-5152\">ELIBERAREA ACTULUI DE IDENTITATE LA SCHIMBAREA<\/a> <br \/><a href=\"https:\/\/siretromania.ro\/web\/eliberarea-actului-de-identitate-prin-procura\/\" rel=\"attachment wp-att-5153\">ELIBERAREA ACTULUI DE IDENTITATE PRIN procura<\/a> <br \/><a href=\"https:\/\/siretromania.ro\/web\/eliberarea-cartii-de-identitate-provizorii-cetatenilor-romani-cu-domiciliul-in-romania\/\" rel=\"attachment wp-att-5154\">ELIBERAREA C\u0102R\u021aII DE IDENTITATE PROVIZORII CET\u0102\u021aENILOR ROM\u00c2NI CU DOMICILIUL \u00ceN ROM\u00c2NIA<\/a><br \/><a href=\"https:\/\/siretromania.ro\/web\/eliberarea-cartii-de-identitate-provizorii-cetatenilor-romani-cu-domiciliul-in-strainatate-care-locuiesc-temporar-in-romania\/\" rel=\"attachment wp-att-5155\">ELIBERAREA C\u0102R\u021aII DE IDENTITATE PROVIZORII CET\u0102\u021aENILOR ROM\u00c2NI CU DOMICILIUL \u00ceN STR\u0102IN\u0102TATE, CARE LOCUIESC TEMPORAR \u00ceN ROM\u00c2NIA<\/a> <br \/><a href=\"https:\/\/siretromania.ro\/web\/eliberarea-primului-act-de-identitate-dupa-18-ani\/\" rel=\"attachment wp-att-5156\">ELIBERAREA PRIMULUI ACT DE IDENTITATE DUP\u0102 18 ani<\/a> <br \/><a href=\"https:\/\/siretromania.ro\/web\/expirarea-termenului-de-valabilitate\/\" rel=\"attachment wp-att-5157\">EXPIRAREA TERMENULUI DE VALABILITATE<\/a> <br \/><a href=\"https:\/\/siretromania.ro\/web\/inscrierea-de-resedinta\/\" rel=\"attachment wp-att-5158\">\u00ceNSCRIEREA DE RE\u015eEDIN\u0162\u0102<\/a> <br \/><a href=\"https:\/\/siretromania.ro\/web\/modificarea-datelor-de-stare-civila\/\" rel=\"attachment wp-att-5159\">MODIFICAREA DATELOR DE STARE CIVIL\u0102<\/a> <br \/><a href=\"https:\/\/siretromania.ro\/web\/pierderea-furtul-distrugerea-sau-deteriorarea-actului-de-identitate-detinut-anterior\/\" rel=\"attachment wp-att-5160\">PIERDEREA, FURTUL, DISTRUGEREA SAU DETERIORAREA ACTULUI DE IDENTITATE DE\u0162INUT ANTERIOR<\/a> <br \/><a href=\"https:\/\/siretromania.ro\/web\/primul-act-de-identitate-la-implinirea-varstei-de-14-ani-sau-a-celor-solicitate-ulterior-pana-la-implinirea-varstei-de-18-ani\/\" rel=\"attachment wp-att-5161\">Primul act de identitate la \u00eemplinirea v\u00e2rstei de 14 ani sau a celor solicitate ulterior, p\u00e2n\u0103 la \u00eemplinirea v\u00e2rstei de 18 ani<\/a><br \/><a href=\"https:\/\/siretromania.ro\/web\/schimbarea-domiciliului-schimbarea-denumirii-strazii-sau-renumerotarea-imobilelor\/\" rel=\"attachment wp-att-5162\">SCHIMBAREA DOMICILIULUI, SCHIMBAREA DENUMIRII STR\u0102ZII SAU RENUMEROTAREA IMOBILELOR<\/a><\/p>\t\t\t\t\t\t\t\t<\/div>\n\t\t\t\t<\/div>\n\t\t\t\t\t<\/div>\n\t\t<\/div>\n\t\t\t\t\t<\/div>\n\t\t<\/section>\n\t\t\t\t<\/div>\n\t\t","protected":false},"excerpt":{"rendered":"<p>Serviciul de eviden\u021b\u0103 a persoanelor Localitatea Siret, str. Castanilor, nr.5, cod po\u0219tal 725500, Jud\u021bul Suceava +40 230 280 873 c\u0103r\u021bi de identitate\/buletine, alte documente \u00a0 \u00a0 \u00a0Program de lucru: luni \u2013 vineri 08.00 \u2013 16.00 Serviciul de eviden\u021b\u0103 a persoanelor preluare \u015fi eliberare acte luni, miercuri, joi \u015fi vineri 08.30 \u2013 14.30 mar\u0163i 08.30 \u2013 [&hellip;]<\/p>\n","protected":false},"author":1,"featured_media":0,"parent":0,"menu_order":0,"comment_status":"closed","ping_status":"closed","template":"","meta":{"site-sidebar-layout":"default","site-content-layout":"default","ast-site-content-layout":"","site-content-style":"default","site-sidebar-style":"default","ast-global-header-display":"","ast-banner-title-visibility":"","ast-main-header-display":"","ast-hfb-above-header-display":"","ast-hfb-below-header-display":"","ast-hfb-mobile-header-display":"","site-post-title":"","ast-breadcrumbs-content":"","ast-featured-img":"","footer-sml-layout":"","theme-transparent-header-meta":"default","adv-header-id-meta":"","stick-header-meta":"","header-above-stick-meta":"","header-main-stick-meta":"","header-below-stick-meta":"","astra-migrate-meta-layouts":"default","ast-page-background-enabled":"default","ast-page-background-meta":{"desktop":{"background-color":"var(--ast-global-color-4)","background-image":"","background-repeat":"repeat","background-position":"center center","background-size":"auto","background-attachment":"scroll","background-type":"","background-media":"","overlay-type":"","overlay-color":"","overlay-opacity":"","overlay-gradient":""},"tablet":{"background-color":"","background-image":"","background-repeat":"repeat","background-position":"center center","background-size":"auto","background-attachment":"scroll","background-type":"","background-media":"","overlay-type":"","overlay-color":"","overlay-opacity":"","overlay-gradient":""},"mobile":{"background-color":"","background-image":"","background-repeat":"repeat","background-position":"center center","background-size":"auto","background-attachment":"scroll","background-type":"","background-media":"","overlay-type":"","overlay-color":"","overlay-opacity":"","overlay-gradient":""}},"ast-content-background-meta":{"desktop":{"background-color":"var(--ast-global-color-5)","background-image":"","background-repeat":"repeat","background-position":"center center","background-size":"auto","background-attachment":"scroll","background-type":"","background-media":"","overlay-type":"","overlay-color":"","overlay-opacity":"","overlay-gradient":""},"tablet":{"background-color":"var(--ast-global-color-5)","background-image":"","background-repeat":"repeat","background-position":"center center","background-size":"auto","background-attachment":"scroll","background-type":"","background-media":"","overlay-type":"","overlay-color":"","overlay-opacity":"","overlay-gradient":""},"mobile":{"background-color":"var(--ast-global-color-5)","background-image":"","background-repeat":"repeat","background-position":"center center","background-size":"auto","background-attachment":"scroll","background-type":"","background-media":"","overlay-type":"","overlay-color":"","overlay-opacity":"","overlay-gradient":""}},"footnotes":""},"categories":[],"tags":[],"class_list":["post-188","page","type-page","status-publish","hentry"],"_links":{"self":[{"href":"https:\/\/siretromania.ro\/web\/wp-json\/wp\/v2\/pages\/188","targetHints":{"allow":["GET"]}}],"collection":[{"href":"https:\/\/siretromania.ro\/web\/wp-json\/wp\/v2\/pages"}],"about":[{"href":"https:\/\/siretromania.ro\/web\/wp-json\/wp\/v2\/types\/page"}],"author":[{"embeddable":true,"href":"https:\/\/siretromania.ro\/web\/wp-json\/wp\/v2\/users\/1"}],"replies":[{"embeddable":true,"href":"https:\/\/siretromania.ro\/web\/wp-json\/wp\/v2\/comments?post=188"}],"version-history":[{"count":44,"href":"https:\/\/siretromania.ro\/web\/wp-json\/wp\/v2\/pages\/188\/revisions"}],"predecessor-version":[{"id":6745,"href":"https:\/\/siretromania.ro\/web\/wp-json\/wp\/v2\/pages\/188\/revisions\/6745"}],"wp:attachment":[{"href":"https:\/\/siretromania.ro\/web\/wp-json\/wp\/v2\/media?parent=188"}],"wp:term":[{"taxonomy":"category","embeddable":true,"href":"https:\/\/siretromania.ro\/web\/wp-json\/wp\/v2\/categories?post=188"},{"taxonomy":"post_tag","embeddable":true,"href":"https:\/\/siretromania.ro\/web\/wp-json\/wp\/v2\/tags?post=188"}],"curies":[{"name":"wp","href":"https:\/\/api.w.org\/{rel}","templated":true}]}}